{"id":156,"date":"2024-03-01T16:28:16","date_gmt":"2024-03-01T15:28:16","guid":{"rendered":"https:\/\/www.restartcafe.sk\/?page_id=156"},"modified":"2024-03-03T14:23:36","modified_gmt":"2024-03-03T13:23:36","slug":"waffle","status":"publish","type":"page","link":"https:\/\/www.restartcafe.sk\/index.php\/waffle\/","title":{"rendered":"Waffle"},"content":{"rendered":"\n<p>Keks\u00edkov\u00e9<\/p>\n\n\n\n<figure class=\"wp-block-image size-large\"><img loading=\"lazy\" decoding=\"async\" width=\"1024\" height=\"768\" src=\"https:\/\/www.restartcafe.sk\/wp-content\/uploads\/2024\/03\/20240227_103712-1024x768.jpg\" alt=\"\" class=\"wp-image-141\" srcset=\"https:\/\/www.restartcafe.sk\/wp-content\/uploads\/2024\/03\/20240227_103712-1024x768.jpg 1024w, https:\/\/www.restartcafe.sk\/wp-content\/uploads\/2024\/03\/20240227_103712-300x225.jpg 300w, https:\/\/www.restartcafe.sk\/wp-content\/uploads\/2024\/03\/20240227_103712-768x576.jpg 768w, https:\/\/www.restartcafe.sk\/wp-content\/uploads\/2024\/03\/20240227_103712-1536x1152.jpg 1536w, https:\/\/www.restartcafe.sk\/wp-content\/uploads\/2024\/03\/20240227_103712-2048x1536.jpg 2048w\" sizes=\"auto, (max-width: 767px) 89vw, (max-width: 1000px) 54vw, (max-width: 1071px) 543px, 580px\" \/><\/figure>\n\n\n\n<p>Cukr\u00edkov\u00e9<\/p>\n\n\n\n<figure class=\"wp-block-image size-large\"><img loading=\"lazy\" decoding=\"async\" width=\"1024\" height=\"768\" src=\"https:\/\/www.restartcafe.sk\/wp-content\/uploads\/2024\/03\/20240302_133408-1024x768.jpg\" alt=\"\" class=\"wp-image-165\" srcset=\"https:\/\/www.restartcafe.sk\/wp-content\/uploads\/2024\/03\/20240302_133408-1024x768.jpg 1024w, https:\/\/www.restartcafe.sk\/wp-content\/uploads\/2024\/03\/20240302_133408-300x225.jpg 300w, https:\/\/www.restartcafe.sk\/wp-content\/uploads\/2024\/03\/20240302_133408-768x576.jpg 768w, https:\/\/www.restartcafe.sk\/wp-content\/uploads\/2024\/03\/20240302_133408-1536x1152.jpg 1536w, https:\/\/www.restartcafe.sk\/wp-content\/uploads\/2024\/03\/20240302_133408-2048x1536.jpg 2048w\" sizes=\"auto, (max-width: 767px) 89vw, (max-width: 1000px) 54vw, (max-width: 1071px) 543px, 580px\" \/><\/figure>\n\n\n\n<p>Pist\u00e1ciov\u00e9<\/p>\n\n\n\n<figure class=\"wp-block-image size-large\"><img loading=\"lazy\" decoding=\"async\" width=\"1024\" height=\"768\" src=\"https:\/\/www.restartcafe.sk\/wp-content\/uploads\/2024\/03\/20240227_112344-1024x768.jpg\" alt=\"\" class=\"wp-image-148\" srcset=\"https:\/\/www.restartcafe.sk\/wp-content\/uploads\/2024\/03\/20240227_112344-1024x768.jpg 1024w, https:\/\/www.restartcafe.sk\/wp-content\/uploads\/2024\/03\/20240227_112344-300x225.jpg 300w, https:\/\/www.restartcafe.sk\/wp-content\/uploads\/2024\/03\/20240227_112344-768x576.jpg 768w, https:\/\/www.restartcafe.sk\/wp-content\/uploads\/2024\/03\/20240227_112344-1536x1152.jpg 1536w, https:\/\/www.restartcafe.sk\/wp-content\/uploads\/2024\/03\/20240227_112344-2048x1536.jpg 2048w\" sizes=\"auto, (max-width: 767px) 89vw, (max-width: 1000px) 54vw, (max-width: 1071px) 543px, 580px\" \/><\/figure>\n\n\n\n<p><\/p>\n\n\n\n<p>Ovocn\u00e9<\/p>\n\n\n\n<figure class=\"wp-block-image size-large\"><img loading=\"lazy\" decoding=\"async\" width=\"1024\" height=\"768\" src=\"https:\/\/www.restartcafe.sk\/wp-content\/uploads\/2024\/03\/20240302_124643-1024x768.jpg\" alt=\"\" class=\"wp-image-161\" srcset=\"https:\/\/www.restartcafe.sk\/wp-content\/uploads\/2024\/03\/20240302_124643-1024x768.jpg 1024w, https:\/\/www.restartcafe.sk\/wp-content\/uploads\/2024\/03\/20240302_124643-300x225.jpg 300w, https:\/\/www.restartcafe.sk\/wp-content\/uploads\/2024\/03\/20240302_124643-768x576.jpg 768w, https:\/\/www.restartcafe.sk\/wp-content\/uploads\/2024\/03\/20240302_124643-1536x1152.jpg 1536w, https:\/\/www.restartcafe.sk\/wp-content\/uploads\/2024\/03\/20240302_124643-2048x1536.jpg 2048w\" sizes=\"auto, (max-width: 767px) 89vw, (max-width: 1000px) 54vw, (max-width: 1071px) 543px, 580px\" \/><\/figure>\n\n\n\n<p>Zmrzlinov\u00e1<\/p>\n\n\n\n<figure class=\"wp-block-image size-large\"><img loading=\"lazy\" decoding=\"async\" width=\"1024\" height=\"768\" src=\"https:\/\/www.restartcafe.sk\/wp-content\/uploads\/2024\/03\/20240227_105349-1024x768.jpg\" alt=\"\" class=\"wp-image-143\" srcset=\"https:\/\/www.restartcafe.sk\/wp-content\/uploads\/2024\/03\/20240227_105349-1024x768.jpg 1024w, https:\/\/www.restartcafe.sk\/wp-content\/uploads\/2024\/03\/20240227_105349-300x225.jpg 300w, https:\/\/www.restartcafe.sk\/wp-content\/uploads\/2024\/03\/20240227_105349-768x576.jpg 768w, https:\/\/www.restartcafe.sk\/wp-content\/uploads\/2024\/03\/20240227_105349-1536x1152.jpg 1536w, https:\/\/www.restartcafe.sk\/wp-content\/uploads\/2024\/03\/20240227_105349-2048x1536.jpg 2048w\" sizes=\"auto, (max-width: 767px) 89vw, (max-width: 1000px) 54vw, (max-width: 1071px) 543px, 580px\" \/><\/figure>\n\n\n\n<p>\u010cokol\u00e1dov\u00e1<\/p>\n\n\n\n<figure class=\"wp-block-image size-large\"><img loading=\"lazy\" decoding=\"async\" width=\"1024\" height=\"768\" src=\"https:\/\/www.restartcafe.sk\/wp-content\/uploads\/2024\/03\/20240303_102801-1024x768.jpg\" alt=\"\" class=\"wp-image-189\" srcset=\"https:\/\/www.restartcafe.sk\/wp-content\/uploads\/2024\/03\/20240303_102801-1024x768.jpg 1024w, https:\/\/www.restartcafe.sk\/wp-content\/uploads\/2024\/03\/20240303_102801-300x225.jpg 300w, https:\/\/www.restartcafe.sk\/wp-content\/uploads\/2024\/03\/20240303_102801-768x576.jpg 768w, https:\/\/www.restartcafe.sk\/wp-content\/uploads\/2024\/03\/20240303_102801-1536x1152.jpg 1536w, https:\/\/www.restartcafe.sk\/wp-content\/uploads\/2024\/03\/20240303_102801-2048x1536.jpg 2048w\" sizes=\"auto, (max-width: 767px) 89vw, (max-width: 1000px) 54vw, (max-width: 1071px) 543px, 580px\" \/><\/figure>\n","protected":false},"excerpt":{"rendered":"<p>Keks\u00edkov\u00e9 Cukr\u00edkov\u00e9 Pist\u00e1ciov\u00e9 Ovocn\u00e9 Zmrzlinov\u00e1 \u010cokol\u00e1dov\u00e1<\/p>\n","protected":false},"author":1,"featured_media":0,"parent":0,"menu_order":0,"comment_status":"closed","ping_status":"closed","template":"","meta":{"footnotes":""},"class_list":["post-156","page","type-page","status-publish","hentry"],"yoast_head":"<!-- This site is optimized with the Yoast SEO plugin v26.6 - https:\/\/yoast.com\/wordpress\/plugins\/seo\/ -->\n<title>Waffle - Restart Caff\u00e9 KVP<\/title>\n<meta name=\"robots\" content=\"index, follow, max-snippet:-1, max-image-preview:large, max-video-preview:-1\" \/>\n<link rel=\"canonical\" href=\"https:\/\/www.restartcafe.sk\/index.php\/waffle\/\" \/>\n<meta property=\"og:locale\" content=\"sk_SK\" \/>\n<meta property=\"og:type\" content=\"article\" \/>\n<meta property=\"og:title\" content=\"Waffle - Restart Caff\u00e9 KVP\" \/>\n<meta property=\"og:description\" content=\"Keks\u00edkov\u00e9 Cukr\u00edkov\u00e9 Pist\u00e1ciov\u00e9 Ovocn\u00e9 Zmrzlinov\u00e1 \u010cokol\u00e1dov\u00e1\" \/>\n<meta property=\"og:url\" content=\"https:\/\/www.restartcafe.sk\/index.php\/waffle\/\" \/>\n<meta property=\"og:site_name\" content=\"Restart Caff\u00e9 KVP\" \/>\n<meta property=\"article:publisher\" content=\"https:\/\/www.facebook.com\/restartkvp\" \/>\n<meta property=\"article:modified_time\" content=\"2024-03-03T13:23:36+00:00\" \/>\n<meta property=\"og:image\" content=\"https:\/\/www.restartcafe.sk\/wp-content\/uploads\/2024\/03\/20240227_103712-1024x768.jpg\" \/>\n<meta name=\"twitter:card\" content=\"summary_large_image\" \/>\n<meta name=\"twitter:label1\" content=\"Predpokladan\u00fd \u010das \u010d\u00edtania\" \/>\n\t<meta name=\"twitter:data1\" content=\"2 min\u00faty\" \/>\n<script type=\"application\/ld+json\" class=\"yoast-schema-graph\">{\"@context\":\"https:\/\/schema.org\",\"@graph\":[{\"@type\":\"WebPage\",\"@id\":\"https:\/\/www.restartcafe.sk\/index.php\/waffle\/\",\"url\":\"https:\/\/www.restartcafe.sk\/index.php\/waffle\/\",\"name\":\"Waffle - Restart Caff\u00e9 KVP\",\"isPartOf\":{\"@id\":\"https:\/\/www.restartcafe.sk\/#website\"},\"primaryImageOfPage\":{\"@id\":\"https:\/\/www.restartcafe.sk\/index.php\/waffle\/#primaryimage\"},\"image\":{\"@id\":\"https:\/\/www.restartcafe.sk\/index.php\/waffle\/#primaryimage\"},\"thumbnailUrl\":\"https:\/\/www.restartcafe.sk\/wp-content\/uploads\/2024\/03\/20240227_103712-1024x768.jpg\",\"datePublished\":\"2024-03-01T15:28:16+00:00\",\"dateModified\":\"2024-03-03T13:23:36+00:00\",\"breadcrumb\":{\"@id\":\"https:\/\/www.restartcafe.sk\/index.php\/waffle\/#breadcrumb\"},\"inLanguage\":\"sk-SK\",\"potentialAction\":[{\"@type\":\"ReadAction\",\"target\":[\"https:\/\/www.restartcafe.sk\/index.php\/waffle\/\"]}]},{\"@type\":\"ImageObject\",\"inLanguage\":\"sk-SK\",\"@id\":\"https:\/\/www.restartcafe.sk\/index.php\/waffle\/#primaryimage\",\"url\":\"https:\/\/www.restartcafe.sk\/wp-content\/uploads\/2024\/03\/20240227_103712-scaled.jpg\",\"contentUrl\":\"https:\/\/www.restartcafe.sk\/wp-content\/uploads\/2024\/03\/20240227_103712-scaled.jpg\",\"width\":2560,\"height\":1920},{\"@type\":\"BreadcrumbList\",\"@id\":\"https:\/\/www.restartcafe.sk\/index.php\/waffle\/#breadcrumb\",\"itemListElement\":[{\"@type\":\"ListItem\",\"position\":1,\"name\":\"Domovsk\u00e1 str\u00e1nka\",\"item\":\"https:\/\/www.restartcafe.sk\/\"},{\"@type\":\"ListItem\",\"position\":2,\"name\":\"Waffle\"}]},{\"@type\":\"WebSite\",\"@id\":\"https:\/\/www.restartcafe.sk\/#website\",\"url\":\"https:\/\/www.restartcafe.sk\/\",\"name\":\"Restart Caff\u00e9 KVP\",\"description\":\"Vitajte v Restart Caff\u00e9 KVP\",\"publisher\":{\"@id\":\"https:\/\/www.restartcafe.sk\/#organization\"},\"potentialAction\":[{\"@type\":\"SearchAction\",\"target\":{\"@type\":\"EntryPoint\",\"urlTemplate\":\"https:\/\/www.restartcafe.sk\/?s={search_term_string}\"},\"query-input\":{\"@type\":\"PropertyValueSpecification\",\"valueRequired\":true,\"valueName\":\"search_term_string\"}}],\"inLanguage\":\"sk-SK\"},{\"@type\":\"Organization\",\"@id\":\"https:\/\/www.restartcafe.sk\/#organization\",\"name\":\"Restart Caff\u00e9 KVP\",\"url\":\"https:\/\/www.restartcafe.sk\/\",\"logo\":{\"@type\":\"ImageObject\",\"inLanguage\":\"sk-SK\",\"@id\":\"https:\/\/www.restartcafe.sk\/#\/schema\/logo\/image\/\",\"url\":\"https:\/\/www.restartcafe.sk\/wp-content\/uploads\/2024\/02\/cropped-352560143_248666651106372_949789943028045419_n.jpg\",\"contentUrl\":\"https:\/\/www.restartcafe.sk\/wp-content\/uploads\/2024\/02\/cropped-352560143_248666651106372_949789943028045419_n.jpg\",\"width\":250,\"height\":250,\"caption\":\"Restart Caff\u00e9 KVP\"},\"image\":{\"@id\":\"https:\/\/www.restartcafe.sk\/#\/schema\/logo\/image\/\"},\"sameAs\":[\"https:\/\/www.facebook.com\/restartkvp\"]}]}<\/script>\n<!-- \/ Yoast SEO plugin. -->","yoast_head_json":{"title":"Waffle - Restart Caff\u00e9 KVP","robots":{"index":"index","follow":"follow","max-snippet":"max-snippet:-1","max-image-preview":"max-image-preview:large","max-video-preview":"max-video-preview:-1"},"canonical":"https:\/\/www.restartcafe.sk\/index.php\/waffle\/","og_locale":"sk_SK","og_type":"article","og_title":"Waffle - Restart Caff\u00e9 KVP","og_description":"Keks\u00edkov\u00e9 Cukr\u00edkov\u00e9 Pist\u00e1ciov\u00e9 Ovocn\u00e9 Zmrzlinov\u00e1 \u010cokol\u00e1dov\u00e1","og_url":"https:\/\/www.restartcafe.sk\/index.php\/waffle\/","og_site_name":"Restart Caff\u00e9 KVP","article_publisher":"https:\/\/www.facebook.com\/restartkvp","article_modified_time":"2024-03-03T13:23:36+00:00","og_image":[{"url":"https:\/\/www.restartcafe.sk\/wp-content\/uploads\/2024\/03\/20240227_103712-1024x768.jpg","type":"","width":"","height":""}],"twitter_card":"summary_large_image","twitter_misc":{"Predpokladan\u00fd \u010das \u010d\u00edtania":"2 min\u00faty"},"schema":{"@context":"https:\/\/schema.org","@graph":[{"@type":"WebPage","@id":"https:\/\/www.restartcafe.sk\/index.php\/waffle\/","url":"https:\/\/www.restartcafe.sk\/index.php\/waffle\/","name":"Waffle - Restart Caff\u00e9 KVP","isPartOf":{"@id":"https:\/\/www.restartcafe.sk\/#website"},"primaryImageOfPage":{"@id":"https:\/\/www.restartcafe.sk\/index.php\/waffle\/#primaryimage"},"image":{"@id":"https:\/\/www.restartcafe.sk\/index.php\/waffle\/#primaryimage"},"thumbnailUrl":"https:\/\/www.restartcafe.sk\/wp-content\/uploads\/2024\/03\/20240227_103712-1024x768.jpg","datePublished":"2024-03-01T15:28:16+00:00","dateModified":"2024-03-03T13:23:36+00:00","breadcrumb":{"@id":"https:\/\/www.restartcafe.sk\/index.php\/waffle\/#breadcrumb"},"inLanguage":"sk-SK","potentialAction":[{"@type":"ReadAction","target":["https:\/\/www.restartcafe.sk\/index.php\/waffle\/"]}]},{"@type":"ImageObject","inLanguage":"sk-SK","@id":"https:\/\/www.restartcafe.sk\/index.php\/waffle\/#primaryimage","url":"https:\/\/www.restartcafe.sk\/wp-content\/uploads\/2024\/03\/20240227_103712-scaled.jpg","contentUrl":"https:\/\/www.restartcafe.sk\/wp-content\/uploads\/2024\/03\/20240227_103712-scaled.jpg","width":2560,"height":1920},{"@type":"BreadcrumbList","@id":"https:\/\/www.restartcafe.sk\/index.php\/waffle\/#breadcrumb","itemListElement":[{"@type":"ListItem","position":1,"name":"Domovsk\u00e1 str\u00e1nka","item":"https:\/\/www.restartcafe.sk\/"},{"@type":"ListItem","position":2,"name":"Waffle"}]},{"@type":"WebSite","@id":"https:\/\/www.restartcafe.sk\/#website","url":"https:\/\/www.restartcafe.sk\/","name":"Restart Caff\u00e9 KVP","description":"Vitajte v Restart Caff\u00e9 KVP","publisher":{"@id":"https:\/\/www.restartcafe.sk\/#organization"},"potentialAction":[{"@type":"SearchAction","target":{"@type":"EntryPoint","urlTemplate":"https:\/\/www.restartcafe.sk\/?s={search_term_string}"},"query-input":{"@type":"PropertyValueSpecification","valueRequired":true,"valueName":"search_term_string"}}],"inLanguage":"sk-SK"},{"@type":"Organization","@id":"https:\/\/www.restartcafe.sk\/#organization","name":"Restart Caff\u00e9 KVP","url":"https:\/\/www.restartcafe.sk\/","logo":{"@type":"ImageObject","inLanguage":"sk-SK","@id":"https:\/\/www.restartcafe.sk\/#\/schema\/logo\/image\/","url":"https:\/\/www.restartcafe.sk\/wp-content\/uploads\/2024\/02\/cropped-352560143_248666651106372_949789943028045419_n.jpg","contentUrl":"https:\/\/www.restartcafe.sk\/wp-content\/uploads\/2024\/02\/cropped-352560143_248666651106372_949789943028045419_n.jpg","width":250,"height":250,"caption":"Restart Caff\u00e9 KVP"},"image":{"@id":"https:\/\/www.restartcafe.sk\/#\/schema\/logo\/image\/"},"sameAs":["https:\/\/www.facebook.com\/restartkvp"]}]}},"_links":{"self":[{"href":"https:\/\/www.restartcafe.sk\/index.php\/wp-json\/wp\/v2\/pages\/156","targetHints":{"allow":["GET"]}}],"collection":[{"href":"https:\/\/www.restartcafe.sk\/index.php\/wp-json\/wp\/v2\/pages"}],"about":[{"href":"https:\/\/www.restartcafe.sk\/index.php\/wp-json\/wp\/v2\/types\/page"}],"author":[{"embeddable":true,"href":"https:\/\/www.restartcafe.sk\/index.php\/wp-json\/wp\/v2\/users\/1"}],"replies":[{"embeddable":true,"href":"https:\/\/www.restartcafe.sk\/index.php\/wp-json\/wp\/v2\/comments?post=156"}],"version-history":[{"count":4,"href":"https:\/\/www.restartcafe.sk\/index.php\/wp-json\/wp\/v2\/pages\/156\/revisions"}],"predecessor-version":[{"id":192,"href":"https:\/\/www.restartcafe.sk\/index.php\/wp-json\/wp\/v2\/pages\/156\/revisions\/192"}],"wp:attachment":[{"href":"https:\/\/www.restartcafe.sk\/index.php\/wp-json\/wp\/v2\/media?parent=156"}],"curies":[{"name":"wp","href":"https:\/\/api.w.org\/{rel}","templated":true}]}}